tive of 13*j**4/12 - j**3/3 - j**2/2 - 2*j. Let d be h(-1). Let n = d + -6. What is the units digit of n?
8
Let s = -4 + 16. What is the units digit of (40/s)/(-5)*-3?
2
Let p = 3 - 0. Suppose p*f - 76 = f. Suppose -5*n = 4*h - f, -5*n + 31 = 3*h - 0*n. What is the units digit of h?
7
Suppose -2*m = -116 + 14. What is the units digit of m?
1
Suppose -z + 294 = 2*z. What is the units digit of z?
8
Let q(n) = 4*n**2 + 12*n - 7. What is the units digit of q(-6)?
5
What is the tens digit of 5*((-112)/20)/(-1)?
2
Let n be 4/30*-3*-5. Suppose -2*a - 2 = 4*t - n*t, 0 = 4*t + 16. What is the units digit of a?
3
Suppose 4*v - 4*f - 331 - 229 = 0, v = -2*f + 131. What is the hundreds digit of v?
1
Let m(z) = -9*z + 1. Let y be m(-1). What is the units digit of y/4 + (-3)/(-6)?
3
Let k(n) = 2*n. Let x be k(1). Suppose 2*i + 8 = -2*r - 2*r, 2*i + x*r + 2 = 0. Suppose 28 = 5*l + i*u, 5*l + 5*u = -13 + 53. What is the units digit of l?
4
Let a = 7 - 6. What is the units digit of 6/(a/((-8)/(-6)))?
8
What is the hundreds digit of (-6)/14 - 14/((-294)/3915)?
1
What is the hundreds digit of -1*5*484/165*-12?
1
Suppose -5*f + 264 - 89 = 0. Suppose 3*l - f = -2*u - 3, -3*u + 3*l = -63. What is the tens digit of u?
1
Suppose 0 = 3*b - 3, -5*z - b = -z - 1. Suppose -p + z + 11 = 0. What is the units digit of p?
1
Let l be 0 - -1 - 6/(-6). Suppose 0 = -2*t - l*t + 124. What is the tens digit of t?
3
Let u(q) = 7 + 8 - 3*q + 4*q. Let y be u(-7). Let k = y - 4. What is the units digit of k?
4
Let l = -25 + 26. What is the units digit of l?
1
Suppose -2*o + 5 = z, -5*o = -0*z - 2*z - 8. Let x be (2*-13)/(0 + o). Let h = -3 - x. What is the tens digit of h?
1
Let x be 2*2/(-12)*-9. Suppose x*q - 43 = 8. Let f = q - 9. What is the units digit of f?
8
Let h(i) = -25*i**3 - 1. What is the tens digit of h(-1)?
2
Suppose 4*p = -a - 3, -4 = 5*p - 2*a - 10. Suppose p = 4*f + 9 - 25. Suppose 2*w - 3*n = 3*w, -f*n - 4 = 0. What is the units digit of w?
3
Suppose 5*z - 32 = 7*z. What is the units digit of 15*(z/(-6) - 2)?
0
Suppose 35 = -2*i - 3*i. Let l = -2 - i. Suppose 4 = l*f - 1. What is the units digit of f?
1
Let r(z) = -z**3 - 5*z**2 + 6*z + 3. Let q(g) = 2*g. Let d be q(-2). Let y be (d - -1)*(1 + 1). What is the units digit of r(y)?
3
Suppose 5*a - 216 = -a. What is the tens digit of a?
3
Suppose -4*k - 2 + 14 = 2*a, 0 = -2*k + 5*a - 6. Suppose -15 - 5 = -k*m. What is the units digit of m?
0
Let j(s) = 8*s + 16. Let f be j(8). Suppose -3*a = -7*a + f. What is the tens digit of a?
2
Let o(g) = g**3 + 10*g**2 + 8*g - 7. Let j be o(-9). Let l(t) = -j*t + t + 7 + 0*t. What is the units digit of l(0)?
7
Suppose 6*l = -82 + 16. Let b be (-37)/5 - 2/(-5). Let d = b - l. What is the units digit of d?
4
Let k = 7 + -4. Suppose -k*i = 15, -2*j = -i - 17 - 92. Suppose d - 4 = -2*c, -3*d + 2*c + j = -0*d. What is the tens digit of d?
1
Suppose -4*p = 3*z - 16, -2*p = z - p - 5. What is the units digit of z?
4
Let s = -2 + 14. What is the units digit of s?
2
Let t(k) = -k**2 - 5*k + 48. What is the tens digit of t(0)?
4
What is the tens digit of 2*678/4 - (3 + -7)?
4
Suppose d - 5 = 0, -5*d + 10 + 5 = -5*m. Suppose 0 = -m*r - 5 + 1, 4*r = v - 28. What is the units digit of v?
0
Suppose 12*n - 7*n = 0. Suppose 17*s - 13*s - 148 = n. What is the units digit of s?
7
Suppose 8*s - 238 = 818. What is the units digit of s?
2
Let a(p) = -2*p + 5. Let d be a(4). Let g be d/(-3)*-2 + -2. Let k = g + 6. What is the units digit of k?
2
Let j(y) = -74*y**3. Let q be j(1). Let v = -44 - q. What is the units digit of v?
0
Suppose 3*j = z + 29, 3*z = -0*z + 4*j - 62. Let d be 12/z*(-7)/1. Suppose q - 3 = d. What is the units digit of q?
9
Suppose -2*h = -6*h - 20. Let g be 1*-1*(10 + -8). What is the units digit of g/10 + (-6)/h?
1
Let q(s) = -6*s**3 + 16*s + 4. What is the tens digit of q(-4)?
2
Let g be 6/5*60/(-6). What is the units digit of ((-9)/g)/(2/8)?
3
Let u = 2 + 2. Suppose -3*m + 8 = a, 0 = 2*m - u*m - 2*a. Suppose -29 = -4*k + b, 0 = m*k + 5*b + 1. What is the units digit of k?
6
Let l be (0 - 4/(-6))*3. Let d(z) = 4*z**2 + 2*z**l - z - 2*z**2 - z**3. What is the units digit of d(3)?
6
Let r(u) = 3*u**2 + 49*u + 35. What is the hundreds digit of r(-21)?
3
Let u(s) = 0 - 5*s**2 - 4 - s**3 - 7*s + 2*s. Let y be u(-4). Let k = y - -5. What is the units digit of k?
5
What is the units digit of 3/(-18) + (-75)/(-18)?
4
Let g(a) be the third derivative of -a**3 + 0 + 1/12*a**4 + 2*a**2 + 0*a. What is the units digit of g(5)?
4
Suppose -q + 2 = -3*x + x, 3*x = -5*q + 10. Suppose -q*b + 8 = -0*b. Suppose 0*g + 60 = 5*j - 3*g, b*g - 12 = -j. What is the units digit of j?
2
Let p be (-3 + 2)/(1/(-2)). Suppose -9 = 7*t - 10*t. Suppose 0 = p*w - t*g - 0*g - 27, -w + 46 = 5*g. What is the tens digit of w?
2
Suppose -3*c - 2 = 2*o, -3*o + 3*c = -0*o - 12. Suppose 5*w = 2*h - 26, -4*w = -o*h + 14 + 8. Suppose -3 = h*z - 9. What is the units digit of z?
2
Let b(s) = -s**2 + 7*s - 4. Let f be b(7). What is the units digit of 8/f*15/(-2)?
5
Let u(i) = -3*i - 1. Let j be u(-1). What is the units digit of j - (-6 + 1 + -3)?
0
Let p(c) = c + 12. Suppose 5*s = 4*t + 105, -3*t - 2*s = 63 - 13. Let o = -29 - t. What is the units digit of p(o)?
3
Let k be -1 + 4*2/4. What is the units digit of 7 + 2*k/(-2)?
6
Let p(l) = l**2 - 4*l - 6. Let b be p(-7). Let q = b - 22. What is the units digit of q?
9
Suppose 12 = 5*a - a. Suppose 25 = u - 2*i - i, 0 = -3*i. Suppose a*v - u = -s, 0 = -v - 0*s - 2*s + 15. What is the units digit of v?
7
Suppose y - k = -3, -2*y = k - 4*k + 2. Let v = y + 13. What is the units digit of v?
6
Let i(g) = g**3 + g**2 - g. Let r be i(-1). Let p be (5 - (0 - r)) + -1. Suppose -33 + p = -4*n. What is the units digit of n?
7
Suppose 2*f - 6*f - 5*s = -10, -6 = 3*f - 3*s. Suppose f = -h + 15 - 3. Let b = h + -6. What is the units digit of b?
6
Let u(g) = g - 10. Let v be u(7). What is the units digit of 590/30 - (-2)/v?
9
What is the units digit of 1/(2/(-2)) + -1 + 3?
1
Let y(q) = q - 3. Let j be y(6). Suppose -3*w = -5*w + j*k + 25, 2*w - 1 = -5*k. What is the units digit of w?
8
Let c(h) = -h**3 + 8*h**2 - 7*h - 4. Let m be c(7). Let i be (-7)/m - (-2)/8. Suppose -2*q - i = -16. What is the units digit of q?
7
Let u = -29 + 41. What is the tens digit of u?
1
Let o(j) = -6 - 2*j - 2*j + 1 + 2*j. What is the units digit of o(-6)?
7
Suppose 2*u + 58 + 6 = 0. Let y = u - -46. What is the tens digit of y?
1
Suppose -3*i - l + 260 = 0, -51 = 5*i + 5*l - 471. What is the units digit of i?
8
Let s(j) = -8*j - j**2 + 0 - 3 - 3 - 1. What is the units digit of s(-5)?
8
Let a(o) be the third derivative of o**4/8 - o**3/6 + 2*o**2. Let y be a(2). Let r = 1 + y. What is the units digit of r?
6
What is the tens digit of 2/10*511 - 12/(-15)?
0
Suppose o = 2*o - 1. Let n(w) = o + 2*w + 0*w - 6*w. What is the units digit of n(-1)?
5
Let v(s) = 12*s**2 + 6*s - 4. What is the units digit of v(2)?
6
Suppose 0 = -2*m + m. Suppose m = -4*a + 232 + 392. Suppose 5*u - a = -61. What is the units digit of u?
9
Let k = 63 - 43. Let y = -10 + 15. Suppose c + 4*c = 5*d - k, -4*c + 65 = y*d. What is the units digit of d?
9
Let s(r) = -r**3 + 2*r**2 + 2*r + 3. Let i be s(3). Suppose i = 2*j - 3*j + 8. What is the units digit of j?
8
Let i be 0 - (1 - 1 - -1). Let f(d) = 0 + 0 + 2*d + 1 - 3*d. What is the units digit of f(i)?
2
Suppose 3*i + 36 = -t - 0*i, t + 39 = -4*i. Let n = t + 16. Let g = n - -18. What is the units digit of g?
7
What is the units digit of (-4 + 0 - -6)*43?
6
Suppose 55 = -9*a + 10*a. Suppose k = 6*k - a. What is the units digit of k?
1
Let t(x) = x. Let n be t(-2). Let b = 3 - n. What is the units digit of b?
5
Let o = -5 - 4. Let h be (-52)/(-6) + 6/o. Suppose 4*t + 5*v - 48 = 0, -2*v - h = -4*t + 3*v. What is the units digit of t?
7
Let k(f) = f**3 - 9*f**2 + 6*f + 2. Let j be k(8). What is the tens digit of ((-20)/j)/((-4)/(-28))?
1
Suppose n - h - 3 = 0, -5*n + 15 = -h + 6*h. Suppose m + n*r + 16 + 5 = 0, r = -1. Let q = m - -29. What is the tens digit of q?
1
Suppose 5*h = -5*d + 15 - 0, -2*h + 36 = -4*d. What is the units digit of h?
8
Suppose g - 110 = 4*o, -4*g + 350 = 2*o - 0*o. Let t = g - 50. Suppose 0*s - t = -4*s. What is the tens digit of s?
1
Suppose 2*p - 32 = -6. Let b be (